2860061358 + 2?
2860061361
In base 9, what is -5 + 3701232?
3701226
In base 10, what is 0 - -22954793?
22954793
In base 16, what is -1c24 - 19589?
-1b1ad
In base 5, what is 31 + 20000243303?
20000243334
In base 15, what is -4 + -106c0952?
-106c0956
In base 15, what is -109a18 - -1?
-109a17
In base 7, what is -10342 + 654544?
644202
In base 12, what is 5 - 14623180?
-14623177
In base 11, what is -56 - 36515?
-36570
In base 4, what is 321300300 + -200?
321300100
In base 10, what is -21416637 + 5?
-21416632
In base 9, what is 3 - 24318467?
-24318464
In base 16, what is -8e7b - -23?
-8e58
In base 9, what is 362762 - 76?
362675
In base 4, what is 2301 + 130122211?
130131112
In base 7, what is 4 + -6312564?
-6312560
In base 2, what is 1000111100100 - 111010001000?
1101011100
In base 13, what is 1724 - -c506?
10c2a
In base 2, what is -1010100 + -110101100101000111101?
-110101100101010010001
In base 2, what is 1001100001101010010101 - -1001?
1001100001101010011110
In base 11, what is 66199144 + 5?
66199149
In base 4, what is 1 - -33230023213?
33230023220
In base 2, what is 101001010101010011 - -10101?
101001010101101000
In base 2, what is 100010001 + -10100011101110?
-10011111011101
In base 15, what is -129b5 - 47?
-12a0c
In base 8, what is 10 - 10357602?
-10357572
In base 10, what is 198801 - 152?
198649
In base 13, what is 960 + -42a?
533
In base 4, what is 3220320 + 12131?
3233111
In base 2, what is -1100 - -10110100000010010000101001?
10110100000010010000011101
In base 3, what is -2200121020010 + 100220?
-2200120212020
In base 12, what is -7 - -61977?
61970
In base 11, what is -a094a4 - 19?
-a09512
In base 6, what is -2 - 124501231?
-124501233
In base 16, what is -2 - 681826?
-681828
In base 3, what is -12022100210 + -21021?
-12022122001
In base 13, what is -1b17c + 14?
-1b168
In base 7, what is -10 - -5426445?
5426435
In base 15, what is -1223d4 + 1a?
-1223b9
In base 3, what is 100002212012 + -1001100?
100001210212
In base 9, what is -51064 + -3?
-51067
In base 15, what is -62b05 + -951?
-63556
In base 8, what is 0 + 65225200?
65225200
In base 11, what is -46289 + 102?
-46187
In base 12, what is 112a + 21a?
1348
In base 2, what is -111000001001 + -10111010000?
-1001111011001
In base 8, what is 57144464 + -21?
57144443
In base 11, what is -52 - 253567?
-253609
In base 13, what is 23 + -28c219?
-28c1c6
In base 4, what is -3 + 100003000331?
100003000322
In base 9, what is -53785726 + -8?
-53785735
In base 9, what is -20830570 + 17?
-20830552
In base 14, what is 1c04a4a + 11?
1c04a5b
In base 14, what is -2d - -870c?
86bd
In base 5, what is -2210 - -34202?
31442
In base 2, what is -10110110110100001 + -111001?
-10110110111011010
In base 7, what is 1066156410 + 13?
1066156423
In base 5, what is -142434112 + 300?
-142433312
In base 13, what is -2244 + -4245?
-6489
In base 2, what is -100 - 10111001110000110100?
-10111001110000111000
In base 13, what is 1374b0 + -34?
137479
In base 4, what is -13000203 - -12302?
-12321301
In base 3, what is -2111 - 200102110112?
-200102120000
In base 10, what is -3627120 + 4?
-3627116
In base 7, what is -66601423 + 5?
-66601415
In base 10, what is -12685 - 1587?
-14272
In base 10, what is -4747121 - 4?
-4747125
In base 2, what is 1000 + 101111101111110100111101?
101111101111110101000101
In base 9, what is 16348087 - -32?
16348130
In base 16, what is -9c641 + -55?
-9c696
In base 15, what is b2047b + -3?
b20478
In base 12, what is 1820 - 469b9?
-45199
In base 7, what is 44263145 - -5?
44263153
In base 9, what is 5 + -386004?
-385888
In base 14, what is 4c7653b - 5?
4c76536
In base 15, what is 2a - 45d866?
-45d83b
In base 6, what is 104251 + -10320?
53531
In base 16, what is -4d + -154c2?
-1550f
In base 7, what is -340 - 21234541?
-21235211
In base 10, what is 4420 + -2921?
1499
In base 4, what is 101 - 10320121200?
-10320121033
In base 14, what is -4aa5ba + -3?
-4aa5bd
In base 4, what is 3300112032 + -21?
3300112011
In base 5, what is -10324231311201 - -4?
-10324231311142
In base 14, what is -d3 - -2329b1?
2328bc
In base 3, what is 12220111021101022 - 12?
12220111021101010
In base 14, what is -7 - -12474db?
12474d4
In base 4, what is -20111233230 + -1233?
-20111301123
In base 5, what is 101 + -443002130?
-443002024
In base 6, what is -1124355 - 1021?
-1125420
In base 7, what is 61 - -111224?
111315
In base 12, what is -311019aa - -2?
-311019a8
In base 4, what is 132 + -111002230?
-111002032
In base 6, what is -23034505333 + 2?
-23034505331
In base 9, what is 31 - 32316?
-32275
In base 2, what is 110110111110110 + 1000111011101?
111111111010011
In base 16, what is 0 - d54936?
-d54936
In base 9, what is -51 + 778176?
778125
In base 3, what is 1 + 102212110001011020?
102212110001011021
In base 5, what is -123 + 220444144?
220444021
In base 12, what is a3312 - -2824?
a5b36
In base 8, what is 457575165 + 5?
457575172
In base 7, what is 35150 + -142122?
-103642
In base 10, what is 8396346 - 5?
8396341
In base 15, what is 26457 + 1c1?
26628
In base 12, what is -8b + 10792?
10703
In base 7, what is -263 + -252420?
-253013
In base 6, what is -5 - 3512421?
-3512430
In base 3, what is -1100120 + -22112101122?
-22120202012
In base 2, what is -1010001001001001001010 + 1011?
-1010001001001000111111
In base 9, what is 420314181 - 0?
420314181
In base 16, what is 4e306 + -d9?
4e22d
In base 11, what is -59 - -705362?
705304
In base 13, what is -6b + 8c1223?
8c1185
In base 4, what is 2322101100 - 2?
2322101032
In base 7, what is 11162623206 - 5?
11162623201
In base 2, what is -11000101001100111001011011 - 1?
-11000101001100111001011100
In base 11, what is 5 - a40565?
-a40560
In base 8, what is 1657 + 135063?
136742
In base 4, what is 132322200 + 1032?
132323232
In base 2, what is 1001000110110001111101 + 101101?
1001000110110010101010
In base 6, what is -2051330155 + 1?
-2051330154
In base 2, what is 10010100010001 - -1011010?
10010101101011
In base 5, what is -3132 + 440123?
431441
In base 4, what is -123 - 21223202?
-21223331
In base 10, what is 135548 + -33?
135515
In base 2, what is -1011000111 - 11110110111010?
-100000010000001
In base 12, what is 2986 - -91489?
94253
In base 14, what is 2 - -1456d97a?
1456d97c
In base 12, what is -880693 + 19?
-880676
In base 4, what is -213130201302 + 1?
-213130201301
In base 3, what is -110202 - 11101221?
-11212200
In base 14, what is b + -65315?
-65308
In base 16, what is -7 + 138a89d?
138a896
In base 5, what is -13 + 10233412331?
10233412313
In base 15, what is -1980c - -4?
-19808
In base 7, what is 50261460 - -2?
50261462
In base 13, what is 4 - -32038a7?
32038ab
In base 12, what is 235155 - -80?
235215
In base 8, what is 7045017 + 3?
7045022
In base 10, what is 223381427 + 3?
223381430
In base 9, what is -1 - -7552067?
7552066
In base 2, what is -101111100111010001000100 + 0?
-101111100111010001000100
In base 8, what is 15264363 - -234?
15264617
In base 9, what is 48 - 238581?
-238532
In base 3, what is -1212 + 120212000221?
120211222002
In base 2, what is 101011100000100101100 - 11100?
101011100000100010000
In base 14, what is 3295a85 + 1?
3295a86
In base 10, what is 405 + -4991?
-4586
In base 7, what is 10300106 + -10?
10300066
In base 5, what is 212140310031 + 0?
212140310031
In base 13, what is -11293 - -2067?
-c229
In base 12, what is 48a - 534b?
-4a81
In base 14, what is b893d + -4?
b8939
In base 5, what is -2 - -24034434042?
24034434040
In base 7, what is -1 + 11354052?
11354051
In base 9, what is -3 - 215000?
-215003
In base 2, what is -11 - 10101101101010000111000?
-10101101101010000111011
In base 9, what is -4 + -30366162?
-30366166
In base 7, what is 122246 + -1401?
120545
In base 8, what is -4756002 - -6?
-4755774
In base 14, what is -1 + -16265a?
-16265b
In base 11, what is 2a75090 - -5?
2a75095
In base 12, what is -1a60 - 7373?
-9213
In base 6, what is 1414 + -3532002?
-3530144
In base 6, what is -1225021542 - 50?
-1225022032
In base 8, what is 2 + 453642275?
453642277
In base 4, what is 3003202 - 232210?
2110332
In base 10, what is 1 - 602561?
-602560
In base 16, what is 59 - -be15c?
be1b5
In base 8, what is 1531552132 + 0?
1531552132
In base 14, what is 8 - -131226?
131230
In base 12, what is 125a53 + a5?
125b38
In base 2, what is -1001000010010100 + 111111?
-100100000101010